{"id":44,"date":"2017-05-23T12:43:10","date_gmt":"2017-05-23T10:43:10","guid":{"rendered":"https:\/\/velosystem.com\/ciclista\/?page_id=44"},"modified":"2018-09-28T10:58:44","modified_gmt":"2018-09-28T08:58:44","slug":"regolazione-bicicletta","status":"publish","type":"page","link":"https:\/\/velosystem.com\/ciclista\/regolazione-bicicletta\/","title":{"rendered":"Regolazione Bicicletta"},"content":{"rendered":"\n\t\t\t<!-- START regolazionebicicletta REVOLUTION SLIDER 6.6.20 --><p class=\"rs-p-wp-fix\"><\/p>\n\t\t\t<rs-module-wrap id=\"rev_slider_9_1_wrapper\" data-source=\"gallery\" style=\"visibility:hidden;background:transparent;padding:0;margin:0px auto;margin-top:0;margin-bottom:0;\">\n\t\t\t\t<rs-module id=\"rev_slider_9_1\" style=\"\" data-version=\"6.6.20\">\n\t\t\t\t\t<rs-slides style=\"overflow: hidden; position: absolute;\">\n\t\t\t\t\t\t<rs-slide style=\"position: absolute;\" data-key=\"rs-9\" data-title=\"Slide\" data-anim=\"adpr:false;\">\n\t\t\t\t\t\t\t<img decoding=\"async\" src=\"\/\/velosystem.com\/ciclista\/wp-content\/plugins\/revslider\/public\/assets\/assets\/dummy.png\" alt=\"\" title=\"Regolazione Bicicletta\" class=\"rev-slidebg tp-rs-img rs-lazyload\" data-lazyload=\"\/\/velosystem.com\/ciclista\/wp-content\/uploads\/sites\/3\/2017\/09\/DESK-grafica-2-1.jpg\" data-no-retina>\n<!---->\t\t\t\t\t\t<\/rs-slide>\n\t\t\t\t\t<\/rs-slides>\n\t\t\t\t<\/rs-module>\n\t\t\t\t<script>\n\t\t\t\t\tsetREVStartSize({c: 'rev_slider_9_1',rl:[1240,1024,778,480],el:[],gw:[1920],gh:[450],type:'standard',justify:'',layout:'fullwidth',mh:\"0\"});if (window.RS_MODULES!==undefined && window.RS_MODULES.modules!==undefined && window.RS_MODULES.modules[\"revslider91\"]!==undefined) {window.RS_MODULES.modules[\"revslider91\"].once = false;window.revapi9 = undefined;if (window.RS_MODULES.checkMinimal!==undefined) window.RS_MODULES.checkMinimal()}\n\t\t\t\t<\/script>\n\t\t\t<\/rs-module-wrap>\n\t\t\t<!-- END REVOLUTION SLIDER -->\n\n<h1 class=\"title\">Regolazione Bicicletta<\/h1>\n<h2 class=\"title-product\">Che cos&#8217;\u00e8<\/h2>\n<p>La Regolazione della Bici su banco DMV \u00e8 il servizio che consente le operazioni di ricerca dell\u2019<strong>assetto<\/strong> <strong>ideale<\/strong> nella regolazione millimetrica della bicicletta su banco professionale <strong>DeskmeasureVel\u00f2.<\/strong><\/p>\n<hr \/>\n<h2 class=\"title-product\">Come funziona<\/h2>\n<p>La bicicletta del ciclista viene <strong>posizionata<\/strong> e <strong>fissata<\/strong> senza ruote sul banco DMV.<\/p>\n<p>Inizialmente vengono rilevate le misure del <strong>telaio<\/strong> ed i parametri dell\u2019<strong>assetto d\u2019origine.<\/strong><\/p>\n<p>Successivamente i parametri d\u2019assetto (altezza sella, arretramento sella, scarto sella-manubrio, distanza sella-manubrio) vengono rilevati con precisione <strong>millimetrica<\/strong> in successione e fissati tramite chiave <strong>dinamometrica<\/strong>.<\/p>\n<p><img loading=\"lazy\" decoding=\"async\" class=\"alignnone size-full wp-image-288\" style=\"margin: 20px 0px\" src=\"https:\/\/velosystem.com\/ciclista\/wp-content\/uploads\/sites\/3\/2017\/09\/DESK-10.jpg\" alt=\"\" width=\"1280\" height=\"540\" srcset=\"https:\/\/velosystem.com\/ciclista\/wp-content\/uploads\/sites\/3\/2017\/09\/DESK-10.jpg 1280w, https:\/\/velosystem.com\/ciclista\/wp-content\/uploads\/sites\/3\/2017\/09\/DESK-10-300x127.jpg 300w, https:\/\/velosystem.com\/ciclista\/wp-content\/uploads\/sites\/3\/2017\/09\/DESK-10-768x324.jpg 768w, https:\/\/velosystem.com\/ciclista\/wp-content\/uploads\/sites\/3\/2017\/09\/DESK-10-1024x432.jpg 1024w\" sizes=\"(max-width: 1280px) 100vw, 1280px\" \/><\/p>\n<h2 class=\"title-product\">Caratteristiche Tecniche<\/h2>\n<p>La Regolazione della Bici su banco DMV avviene mediante le seguenti fasi:<\/p>\n<ul>\n<li><strong>Posizionamento<\/strong> e <strong>fissaggio<\/strong> della bicicletta senza ruote su banco DMV<\/li>\n<li>Rilevazione delle misure del <strong>telaio e dei parametri dell\u2019assetto d\u2019origine<\/strong><\/li>\n<li>Regolazione millimetrica dei<strong> parametri di assetto<\/strong> (altezza sella, arretramento sella, scarto sella-manubrio, distanza sella-manubrio)<\/li>\n<li><strong>Consegna schede di regolazione<\/strong><\/li>\n<\/ul>\n<hr \/>\n<h2 class=\"title-product\">A cosa serve?<\/h2>\n<p>La Regolazione della Bici su banco DMV consente di <strong>finalizzare<\/strong> l\u2019ottimizzazione dell\u2019assetto ideale <strong>direttamente sulla bicicletta del ciclista<\/strong> con precisione millimetrica.<\/p>\n<p><img loading=\"lazy\" decoding=\"async\" class=\"alignnone size-full wp-image-293\" style=\"margin: 20px 0px\" src=\"https:\/\/velosystem.com\/ciclista\/wp-content\/uploads\/sites\/3\/2017\/09\/MEASURE-5.jpg\" alt=\"\" width=\"1280\" height=\"540\" srcset=\"https:\/\/velosystem.com\/ciclista\/wp-content\/uploads\/sites\/3\/2017\/09\/MEASURE-5.jpg 1280w, https:\/\/velosystem.com\/ciclista\/wp-content\/uploads\/sites\/3\/2017\/09\/MEASURE-5-300x127.jpg 300w, https:\/\/velosystem.com\/ciclista\/wp-content\/uploads\/sites\/3\/2017\/09\/MEASURE-5-768x324.jpg 768w, https:\/\/velosystem.com\/ciclista\/wp-content\/uploads\/sites\/3\/2017\/09\/MEASURE-5-1024x432.jpg 1024w\" sizes=\"(max-width: 1280px) 100vw, 1280px\" \/><\/p>\n<h2 class=\"title-product\">A chi \u00e8 rivolto<\/h2>\n<p>La Regolazione della Bici su banco DMV \u00e8 rivolta ad <strong>ogni ciclista<\/strong> che abbia eseguito un servizio <strong>biomeccanico<\/strong> <strong>Vel\u00f2system<\/strong> con individuazione dell\u2019assetto ideale (antropometria, video analisi, check up biomeccanico).<\/p>\n<hr \/>\n<h2 class=\"title-product\">Vantaggi<\/h2>\n<ul>\n<li><strong>Regolazione dell\u2019assetto<\/strong> ideale con precisione millimetrica.<\/li>\n<li><strong>Clonazione dell\u2019assetto ideale<\/strong> con precisione millimetrica su pi\u00f9 biciclette anche di diversa dimensione telaio.<\/li>\n<li><strong>Misurazione millimetrica<\/strong> dei parametri di telaio.<\/li>\n<\/ul>\n<div class='row'><div style='padding-bottom:;' class='span12 first-module module_number_1 module_cont  module_gallery'><div class='list-of-images images_in_a_row_4'>\n                        <div class=\"gallery_item\">\n\t\t\t\t\t\t\t<div class=\"gallery_item_padding\">\n\t\t\t\t\t\t\t\t<div class=\"gallery_item_wrapper\"><a href=\"https:\/\/velosystem.com\/ciclista\/wp-content\/uploads\/sites\/3\/2017\/09\/DESK-10.jpg\" class=\"swipebox\" title=\"misurazione rapida e precisa di telaio e assetto della bicicletta\"><\/a><img loading=\"lazy\" decoding=\"async\" class=\"gallery-stand-img\" src=\"https:\/\/velosystem.com\/ciclista\/wp-content\/uploads\/sites\/3\/2017\/09\/DESK-10-570x368.jpg\" alt=\"misurazione rapida e precisa di telaio e assetto della bicicletta\" width=\"570\" height=\"368\">\n\t\t\t\t\t\t\t\t\t<div class=\"gallery_fadder\"><\/div>\n\t\t\t\t\t\t\t\t\t<span class=\"featured_items_ico\"><\/span>\n\t\t\t\t\t\t\t\t<\/div>\n\t\t\t\t\t\t\t<\/div>\n                        <\/div>\n                        \n                        <div class=\"gallery_item\">\n\t\t\t\t\t\t\t<div class=\"gallery_item_padding\">\n\t\t\t\t\t\t\t\t<div class=\"gallery_item_wrapper\"><a href=\"https:\/\/velosystem.com\/ciclista\/wp-content\/uploads\/sites\/3\/2017\/09\/DESK-14.jpg\" class=\"swipebox\" title=\"adattatori per perni a sgancio rapido o passante\"><\/a><img loading=\"lazy\" decoding=\"async\" class=\"gallery-stand-img\" src=\"https:\/\/velosystem.com\/ciclista\/wp-content\/uploads\/sites\/3\/2017\/09\/DESK-14-570x368.jpg\" alt=\"adattatori per perni a sgancio rapido o passante\" width=\"570\" height=\"368\">\n\t\t\t\t\t\t\t\t\t<div class=\"gallery_fadder\"><\/div>\n\t\t\t\t\t\t\t\t\t<span class=\"featured_items_ico\"><\/span>\n\t\t\t\t\t\t\t\t<\/div>\n\t\t\t\t\t\t\t<\/div>\n                        <\/div>\n                        \n                        <div class=\"gallery_item\">\n\t\t\t\t\t\t\t<div class=\"gallery_item_padding\">\n\t\t\t\t\t\t\t\t<div class=\"gallery_item_wrapper\"><a href=\"https:\/\/velosystem.com\/ciclista\/wp-content\/uploads\/sites\/3\/2017\/09\/DESK-16.jpg\" class=\"swipebox\" title=\"DeskMeasureVel\u00f2 \u00e8 rivolto ai meccanici che operano all\u2019interno di negozi, al servizio di squadre ciclistiche, ai tecnici biomeccanici e bikefitter.\"><\/a><img loading=\"lazy\" decoding=\"async\" class=\"gallery-stand-img\" src=\"https:\/\/velosystem.com\/ciclista\/wp-content\/uploads\/sites\/3\/2017\/09\/DESK-16-570x368.jpg\" alt=\"DeskMeasureVel\u00f2 \u00e8 rivolto ai meccanici che operano all\u2019interno di negozi, al servizio di squadre ciclistiche, ai tecnici biomeccanici e bikefitter.\" width=\"570\" height=\"368\">\n\t\t\t\t\t\t\t\t\t<div class=\"gallery_fadder\"><\/div>\n\t\t\t\t\t\t\t\t\t<span class=\"featured_items_ico\"><\/span>\n\t\t\t\t\t\t\t\t<\/div>\n\t\t\t\t\t\t\t<\/div>\n                        <\/div>\n                        \n                        <div class=\"gallery_item\">\n\t\t\t\t\t\t\t<div class=\"gallery_item_padding\">\n\t\t\t\t\t\t\t\t<div class=\"gallery_item_wrapper\"><a href=\"https:\/\/velosystem.com\/ciclista\/wp-content\/uploads\/sites\/3\/2017\/09\/DESK-17.jpg\" class=\"swipebox\" title=\"\"><\/a><img loading=\"lazy\" decoding=\"async\" class=\"gallery-stand-img\" src=\"https:\/\/velosystem.com\/ciclista\/wp-content\/uploads\/sites\/3\/2017\/09\/DESK-17-570x368.jpg\" alt=\"\" width=\"570\" height=\"368\">\n\t\t\t\t\t\t\t\t\t<div class=\"gallery_fadder\"><\/div>\n\t\t\t\t\t\t\t\t\t<span class=\"featured_items_ico\"><\/span>\n\t\t\t\t\t\t\t\t<\/div>\n\t\t\t\t\t\t\t<\/div>\n                        <\/div>\n                        \n                        <div class=\"gallery_item\">\n\t\t\t\t\t\t\t<div class=\"gallery_item_padding\">\n\t\t\t\t\t\t\t\t<div class=\"gallery_item_wrapper\"><a href=\"https:\/\/velosystem.com\/ciclista\/wp-content\/uploads\/sites\/3\/2017\/09\/DESK-forcella.jpg\" class=\"swipebox\" title=\"Banco DeskMeasureVel\u00f2\"><\/a><img loading=\"lazy\" decoding=\"async\" class=\"gallery-stand-img\" src=\"https:\/\/velosystem.com\/ciclista\/wp-content\/uploads\/sites\/3\/2017\/09\/DESK-forcella-570x368.jpg\" alt=\"Banco DeskMeasureVel\u00f2\" width=\"570\" height=\"368\">\n\t\t\t\t\t\t\t\t\t<div class=\"gallery_fadder\"><\/div>\n\t\t\t\t\t\t\t\t\t<span class=\"featured_items_ico\"><\/span>\n\t\t\t\t\t\t\t\t<\/div>\n\t\t\t\t\t\t\t<\/div>\n                        <\/div>\n                        \n                        <div class=\"gallery_item\">\n\t\t\t\t\t\t\t<div class=\"gallery_item_padding\">\n\t\t\t\t\t\t\t\t<div class=\"gallery_item_wrapper\"><a href=\"https:\/\/velosystem.com\/ciclista\/wp-content\/uploads\/sites\/3\/2017\/09\/MEASURE-5.jpg\" class=\"swipebox\" title=\"DeskMeasureVel\u00f2 permette di alloggiare ogni tipologia di bicicletta (strada, mtb, TT, pista)\"><\/a><img loading=\"lazy\" decoding=\"async\" class=\"gallery-stand-img\" src=\"https:\/\/velosystem.com\/ciclista\/wp-content\/uploads\/sites\/3\/2017\/09\/MEASURE-5-570x368.jpg\" alt=\"DeskMeasureVel\u00f2 permette di alloggiare ogni tipologia di bicicletta (strada, mtb, TT, pista)\" width=\"570\" height=\"368\">\n\t\t\t\t\t\t\t\t\t<div class=\"gallery_fadder\"><\/div>\n\t\t\t\t\t\t\t\t\t<span class=\"featured_items_ico\"><\/span>\n\t\t\t\t\t\t\t\t<\/div>\n\t\t\t\t\t\t\t<\/div>\n                        <\/div>\n                        \n                        <div class=\"gallery_item\">\n\t\t\t\t\t\t\t<div class=\"gallery_item_padding\">\n\t\t\t\t\t\t\t\t<div class=\"gallery_item_wrapper\"><a href=\"https:\/\/velosystem.com\/ciclista\/wp-content\/uploads\/sites\/3\/2017\/09\/DESK-grafica-3.jpg\" class=\"swipebox\" title=\"regolazione professionale dei punti di appoggio della bicicletta\"><\/a><img loading=\"lazy\" decoding=\"async\" class=\"gallery-stand-img\" src=\"https:\/\/velosystem.com\/ciclista\/wp-content\/uploads\/sites\/3\/2017\/09\/DESK-grafica-3-570x368.jpg\" alt=\"regolazione professionale dei punti di appoggio della bicicletta\" width=\"570\" height=\"368\">\n\t\t\t\t\t\t\t\t\t<div class=\"gallery_fadder\"><\/div>\n\t\t\t\t\t\t\t\t\t<span class=\"featured_items_ico\"><\/span>\n\t\t\t\t\t\t\t\t<\/div>\n\t\t\t\t\t\t\t<\/div>\n                        <\/div>\n                        \n                        <div class=\"gallery_item\">\n\t\t\t\t\t\t\t<div class=\"gallery_item_padding\">\n\t\t\t\t\t\t\t\t<div class=\"gallery_item_wrapper\"><a href=\"https:\/\/velosystem.com\/ciclista\/wp-content\/uploads\/sites\/3\/2017\/09\/DESK-grafica-2.jpg\" class=\"swipebox\" title=\"Misurazione professionale, rapida e precisa\"><\/a><img loading=\"lazy\" decoding=\"async\" class=\"gallery-stand-img\" src=\"https:\/\/velosystem.com\/ciclista\/wp-content\/uploads\/sites\/3\/2017\/09\/DESK-grafica-2-570x368.jpg\" alt=\"Misurazione professionale, rapida e precisa\" width=\"570\" height=\"368\">\n\t\t\t\t\t\t\t\t\t<div class=\"gallery_fadder\"><\/div>\n\t\t\t\t\t\t\t\t\t<span class=\"featured_items_ico\"><\/span>\n\t\t\t\t\t\t\t\t<\/div>\n\t\t\t\t\t\t\t<\/div>\n                        <\/div>\n                        \n            <div class='clear'><\/div>\n            <\/div>\n            <\/div><!-- .module_cont --><\/div>","protected":false},"excerpt":{"rendered":"<p>Regolazione Bicicletta Che cos&#8217;\u00e8 La Regolazione della Bici su banco DMV \u00e8 il servizio che consente le operazioni di ricerca dell\u2019assetto ideale nella regolazione millimetrica della bicicletta su banco professionale DeskmeasureVel\u00f2. Come funziona La bicicletta del ciclista viene posizionata e fissata senza ruote sul banco DMV. Inizialmente vengono rilevate le misure del telaio ed i parametri dell\u2019assetto d\u2019origine. Successivamente i parametri d\u2019assetto (altezza sella, arretramento sella, scarto sella-manubrio, distanza sella-manubrio) vengono rilevati con precisione millimetrica in successione e fissati tramite chiave dinamometrica. Caratteristiche Tecniche La Regolazione della Bici su banco DMV avviene mediante le seguenti fasi: Posizionamento e fissaggio della bicicletta senza ruote su banco DMV Rilevazione delle misure del telaio e dei parametri dell\u2019assetto d\u2019origine Regolazione millimetrica dei parametri di assetto (altezza sella, arretramento sella, scarto sella-manubrio, distanza sella-manubrio) Consegna schede di regolazione A cosa serve? La Regolazione della Bici su banco DMV consente di finalizzare l\u2019ottimizzazione dell\u2019assetto ideale direttamente sulla bicicletta del ciclista con precisione millimetrica. A chi \u00e8 rivolto La Regolazione della Bici su banco DMV \u00e8 rivolta ad ogni ciclista che abbia eseguito un servizio biomeccanico Vel\u00f2system con individuazione dell\u2019assetto ideale (antropometria, video analisi, check up biomeccanico). Vantaggi Regolazione dell\u2019assetto ideale con precisione millimetrica. Clonazione dell\u2019assetto [&hellip;]<\/p>\n","protected":false},"author":1,"featured_media":0,"parent":0,"menu_order":3,"comment_status":"closed","ping_status":"closed","template":"","meta":{"_acf_changed":false,"footnotes":""},"acf":[],"_links":{"self":[{"href":"https:\/\/velosystem.com\/ciclista\/wp-json\/wp\/v2\/pages\/44"}],"collection":[{"href":"https:\/\/velosystem.com\/ciclista\/wp-json\/wp\/v2\/pages"}],"about":[{"href":"https:\/\/velosystem.com\/ciclista\/wp-json\/wp\/v2\/types\/page"}],"author":[{"embeddable":true,"href":"https:\/\/velosystem.com\/ciclista\/wp-json\/wp\/v2\/users\/1"}],"replies":[{"embeddable":true,"href":"https:\/\/velosystem.com\/ciclista\/wp-json\/wp\/v2\/comments?post=44"}],"version-history":[{"count":8,"href":"https:\/\/velosystem.com\/ciclista\/wp-json\/wp\/v2\/pages\/44\/revisions"}],"predecessor-version":[{"id":900,"href":"https:\/\/velosystem.com\/ciclista\/wp-json\/wp\/v2\/pages\/44\/revisions\/900"}],"wp:attachment":[{"href":"https:\/\/velosystem.com\/ciclista\/wp-json\/wp\/v2\/media?parent=44"}],"curies":[{"name":"wp","href":"https:\/\/api.w.org\/{rel}","templated":true}]}}