{"id":19,"date":"2017-05-22T10:52:58","date_gmt":"2017-05-22T08:52:58","guid":{"rendered":"https:\/\/velosystem.com\/tecnico\/?page_id=19"},"modified":"2019-10-08T19:05:09","modified_gmt":"2019-10-08T17:05:09","slug":"certificazione","status":"publish","type":"page","link":"https:\/\/velosystem.com\/tecnico\/certificazione\/","title":{"rendered":"Certificazione"},"content":{"rendered":"<div class=\"su-spoiler su-spoiler-style-default su-spoiler-icon-chevron su-spoiler-closed\" data-scroll-offset=\"0\" data-anchor-in-url=\"no\"><div class=\"su-spoiler-title\" tabindex=\"0\" role=\"button\"><span class=\"su-spoiler-icon\"><\/span>Introduzione<\/div><div class=\"su-spoiler-content su-u-clearfix su-u-trim\">\n<p>I <strong>servizi biomeccanici per ciclismo<\/strong> <strong>Velosystem\u00ae<\/strong> sono collegati a una procedura di <strong>Accreditamento e Certificazione<\/strong> dei Centri e dei Tecnici .<\/p>\n<p>La Certificazione\u00a0 di ogni centro servizi di biomeccanica si realizza attraverso l\u2019elaborazione di un accreditamento basato su <strong>5 tipologie di requisiti:<\/strong><\/p>\n<ol>\n<li><strong>Requisiti di Competenze e Formazione;<\/strong><\/li>\n<li><strong>Requisiti Strumentali e Strutturali;<\/strong><\/li>\n<li><strong>Requisiti Tecnico Operativi;<\/strong><\/li>\n<li><strong>Requisiti di Comunicazione;<\/strong><\/li>\n<li><strong>Requisiti Imprenditoriali.<\/strong><\/li>\n<\/ol>\n<p>La Certificazione consente sia al Cliente che al tecnico di <strong>orientarsi sugli standard qualitativi<\/strong> desiderati con i seguenti vantaggi:<\/p>\n<p><span class=\"title-product\" style=\"color: #e20c18\"><strong>VANTAGGI PER IL TECNICO<\/strong><\/span><\/p>\n<ol style=\"text-align: left\">\n<li>premiare le <strong>competenze<\/strong> personali degli operatori e il loro aggiornamento <strong>tecnico<\/strong>;<\/li>\n<li>premiare la <strong>dotazione<\/strong> e l\u2019aggiornamento <strong>tecnologico<\/strong> <strong>strumentale<\/strong> e <strong>strutturale<\/strong>;<\/li>\n<li>premiare l\u2019<strong>operativit\u00e0<\/strong>, la <strong>professionalit\u00e0<\/strong> e i <strong>risultati<\/strong> ottenuti nei confronti dei propri clienti;<\/li>\n<li>premiare le <strong>azioni<\/strong> di comunicazione capaci di valorizzare il Servizio Velosystem<\/li>\n<li>premiare l\u2019<strong>imprenditorialit\u00e0<\/strong> del centro anche nel rispetto delle linee guida indicate dall\u2019azienda.<\/li>\n<\/ol>\n<p><span class=\"title-product\" style=\"color: #e20c18\"><strong>VANTAGGI PER IL CICLISTA<\/strong><\/span><\/p>\n<ol>\n<li>Individuare <strong>centri<\/strong> e <strong>operatori<\/strong> in funzione del livello di servizio richiesto;<\/li>\n<li>Consentire al cliente di orientarsi circa la <strong>tipologia<\/strong> e la <strong>qualit\u00e0<\/strong> della consulenza biomeccanica;<\/li>\n<li>Usufruire di una consulenza <strong>diretta<\/strong> e <strong>veloce<\/strong> rispetto alla propria richiesta;<\/li>\n<li>Rendere pi\u00f9 <strong>chiara<\/strong> e <strong>diretta<\/strong> la comunicazione con il tecnico in ogni fase del servizio<\/li>\n<li>Usufruire di una qualit\u00e0 del <strong>servizio<\/strong> e di una <strong>assistenza post-servizio<\/strong> elevata.<\/li>\n<\/ol>\n<\/div><\/div>\n<div class=\"su-spoiler su-spoiler-style-default su-spoiler-icon-chevron su-spoiler-closed\" data-scroll-offset=\"0\" data-anchor-in-url=\"no\"><div class=\"su-spoiler-title\" tabindex=\"0\" role=\"button\"><span class=\"su-spoiler-icon\"><\/span>Requisiti di Competenze e Formazione<\/div><div class=\"su-spoiler-content su-u-clearfix su-u-trim\">\n<p>La struttura formativa messa a punto da Velosystem, prevede.<br \/>\nI tecnici accreditati da Velosystem come <strong>Bike Fitter<\/strong>, acquisiscono la qualifica attraverso 3 livelli di specializzazione ottenibili attraverso altrettanti percorsi didattici preceduti dal <strong>TEC 0 \u2013 Corso introduttivo alla Biomeccanica.<\/strong><\/p>\n<p>I livelli di qualifica sono i seguenti:<\/p>\n<ul>\n<li><strong>Bike Fitter<\/strong><\/li>\n<li><strong>Bike Fitter Expert<\/strong><\/li>\n<li><strong>Bike Fitter Professional<\/strong><\/li>\n<\/ul>\n<p><span style=\"color: #e20c18\"><strong>Bike Fitter<\/strong> <\/span><br \/>\nIl <strong>Bike Fitter<\/strong> possiede le conoscenze e competenze teorico-pratiche della misurazione del ciclista, della ciclometria e della regolazione degli appoggi (piede-tacchetta\/sella\/manubrio) e della verifica dell\u2019assetto.<\/p>\n<p>La sua qualifica consente la gestione della configurazione<\/p>\n<ul>\n<li><strong>Fitting Center Sizing<\/strong><\/li>\n<\/ul>\n<p><span style=\"color: #e20c18\"><strong>Bike Fitter Expert<\/strong><\/span><br \/>\nIl <strong>Bike Fitter Expert<\/strong> possiede le conoscenze e competenze teorico-pratiche della misurazione del ciclista, della ciclometria e della regolazione degli appoggi (piede-tacchetta\/sella\/manubrio), dell\u2019analisi dinamica dell\u2019assetto sui piani tramite video analisi .<\/p>\n<p>La sua qualifica consente la gestione delle configurazioni<\/p>\n<ul>\n<li><strong>Fitting Center Sizing<\/strong><\/li>\n<li><strong>Fitting Center Dynamic<\/strong><\/li>\n<\/ul>\n<p><span style=\"color: #e20c18\"><strong>Bike Fitter Professional<\/strong><\/span><br \/>\nIl <strong>Bike Fitter Professional<\/strong> possiede le conoscenze e competenze teorico-pratiche della misurazione del ciclista, della ciclometria e della regolazione degli appoggi (piede-tacchetta\/ sella \/ manubrio), dell\u2019analisi dinamica dell\u2019assetto sui piani tramite video analisi e dinamometrica tramite sistemi di analisi dell\u2019efficienza. Il <strong>Bike Fitter Professional<\/strong> \u00e8 inoltre in grado di eseguire un riequilibrio posturale sui tre piani dell\u2019assetto per rispondere alle esigenze di comfort e performance pi\u00f9 evolute.<br \/>\nLa sua qualifica consente la gestione delle configurazioni:<\/p>\n<ul>\n<li><strong>Fitting Center Sizing, <\/strong><\/li>\n<li><strong>Fitting Center Dynamic<\/strong><\/li>\n<li><strong>Fitting Center LabVel\u00f2<\/strong><\/li>\n<\/ul>\n<p>&nbsp;<\/p>\n<\/div><\/div>\n<div class=\"su-spoiler su-spoiler-style-default su-spoiler-icon-chevron su-spoiler-closed\" data-scroll-offset=\"0\" data-anchor-in-url=\"no\"><div class=\"su-spoiler-title\" tabindex=\"0\" role=\"button\"><span class=\"su-spoiler-icon\"><\/span>Requisiti Strumentali e Strutturali<\/div><div class=\"su-spoiler-content su-u-clearfix su-u-trim\">\n<p>La strumentazione biomeccanica presente presso ogni tecnico o centro servizi viene riconosciuta sulla base di 6 tipologie di <strong>Configurazione Strumenti:<\/strong><\/p>\n<p>Le <strong>Configurazioni Velosystem<\/strong> definite sono 3 :<\/p>\n<ul>\n<li><strong>Fitting Center Sizing<\/strong><\/li>\n<li><strong>Fitting Center Dynamic<\/strong><\/li>\n<li><strong>Fitting Center LabVel\u00f2<\/strong><\/li>\n<\/ul>\n<p>&nbsp;<\/p>\n<p><span style=\"color: #ff0000\"><strong>Fitting Center Sizing<\/strong><\/span><\/p>\n<p>Il <strong>Fitting Center Sizing <\/strong>consente di offrire a ogni ciclista la misurazione corporea con elaborazione delle regolazioni di assetto e delle misure di telaio sia come finalizzazione all\u2019acquisto delle corrette dimensioni del telaio e dei componenti ma anche per l\u2019ottimizzazione dell\u2019ergonomia degli appoggi e l\u2019individuazione delle regolazioni di assetto.<\/p>\n<p>La Carta Servizi offerti dal <strong>Fitting Center Sizing <\/strong>\u00e8 la seguente:<\/p>\n<ul>\n<li><strong>Servizi Singoli per Specialit\u00e0 (road, mtb, triathlon, crono, pista)\u00a0<\/strong>\n<ul>\n<li>Cobi Gratuito<\/li>\n<li>Solette Solevel\u00f2 Personalizzate<\/li>\n<li>Regolazione Tacchette*<\/li>\n<li>Ricerca Sella Ideale<\/li>\n<li>Ricerca Manubrio Ideale<\/li>\n<li>Antropometria<\/li>\n<li>Check Videoanalisi ** Gratuito<\/li>\n<li>Videoanalisi Laterale (Opzionale)<\/li>\n<li>Regolazione Bicicletta Su Banco DMV (Opzionale)<\/li>\n<li>\u00a0Analisi Pedalata (Opzionale)<\/li>\n<\/ul>\n<\/li>\n<li><strong>\u00a0<\/strong><strong>Servizi Composti per Specialit\u00e0 (road, mtb, triathlon, crono, pista)\u00a0 <\/strong>\n<ul>\n<li><strong>Definizione Appoggi ideali<\/strong><\/li>\n<li><strong>Misurazione ciclista<\/strong>:\n<ul>\n<li>elaborazione assetto ideale<\/li>\n<li>definizione telaio ideale<\/li>\n<\/ul>\n<\/li>\n<li><strong>Misurazione Biomeccanica<\/strong>:\n<ul>\n<li>definizione e regolazione appoggi,<\/li>\n<li>elaborazione e regolazione assetto ideale<\/li>\n<li>definizione telaio ideale<\/li>\n<\/ul>\n<\/li>\n<\/ul>\n<\/li>\n<\/ul>\n<p>La configurazione <strong>Fitting Center Sizing <\/strong>deve contenere la seguente dotazione strumenti per la misurazione del ciclista e la regolazione degli appoggi e della bicicletta :<\/p>\n<ul>\n<li>SoftVel\u00f2<\/li>\n<li>SizeVel\u00f2_Image<\/li>\n<li>Podoreset<\/li>\n<li>IschioVel\u00f2 2.0<\/li>\n<li>CleatVel\u00f2<\/li>\n<li>MeasureVel\u00f2<\/li>\n<\/ul>\n<p>&nbsp;<\/p>\n<p><span style=\"color: #ff0000\"><strong>Fitting Center Dynamic<\/strong><\/span><\/p>\n<p>Il <strong>Fitting Center Dynamic <\/strong>consente al ciclista di accedere alla misurazione corporea con elaborazione e regolazione ideale appoggi (piede-pedale, sella, manubrio),\u00a0 di assetto ideale nelle diverse specialit\u00e0, di telaio ideale nelle diverse specialit\u00e0\u00a0 con verifica biomeccanica tramite apposito ciclosimulatore Dynavel\u00f2.<br \/>\nI dati dimensionali e di regolazione di telaio e componenti, cos\u00ec verificati, possono essere utilizzati sia con finalit\u00e0 di acquisto e sia con finalit\u00e0 di posizionamento in sella e ottimizzazione di comfort e performance.<\/p>\n<p>La Carta Servizi offerti dal <strong>Fitting Center Dynamic <\/strong>\u00e8\u00a0la seguente:<\/p>\n<ul>\n<li><strong>Servizi Singoli per Specialit\u00e0 (road, mtb, triathlon, crono, pista)\u00a0<\/strong>\n<ul>\n<li>Cobi Gratuito<\/li>\n<li>Solette Solevel\u00f2 Personalizzate<\/li>\n<li>Regolazione Tacchette*<\/li>\n<li>Ricerca Sella Ideale<\/li>\n<li>Ricerca Manubrio Ideale<\/li>\n<li>Antropometria<\/li>\n<li>Check Videoanalisi ** Gratuito<\/li>\n<li>Videoanalisi Laterale (Opzionale)<\/li>\n<li>Regolazione Bicicletta Su Banco DMV (Opzionale)<\/li>\n<li>\u00a0Analisi Pedalata (Opzionale)<\/li>\n<\/ul>\n<\/li>\n<li><strong>\u00a0<\/strong><strong>Servizi Composti per Specialit\u00e0 (road, mtb, triathlon, crono, pista)\u00a0 <\/strong>\n<ul>\n<li><strong>Definizione Appoggi ideali<\/strong><\/li>\n<li><strong>Misurazione ciclista<\/strong>:\n<ul>\n<li>elaborazione assetto ideale<\/li>\n<li>definizione telaio ideale<\/li>\n<\/ul>\n<\/li>\n<li><strong>Misurazione Biomeccanica<\/strong>:\n<ul>\n<li>definizione e regolazione appoggi,<\/li>\n<li>elaborazione e regolazione assetto ideale<\/li>\n<li>definizione telaio ideale<\/li>\n<\/ul>\n<\/li>\n<li><strong>Pedalare Bene (Check up 1)<\/strong>\n<ul>\n<li>Misurazione Biomeccanica<\/li>\n<li>Controllo assetto su Dynavel\u00f2<\/li>\n<li>Video Analisi Sagittale (Opzionale)<\/li>\n<\/ul>\n<\/li>\n<\/ul>\n<\/li>\n<\/ul>\n<p>Il <span style=\"color: #000000\"><strong>Fitting Center Dynamic<\/strong><\/span> deve contenere una dotazione strumenti che la misurazione del ciclista, la verifica dell&#8217;assetto tramite Dynavel\u00f2_XY e la regolazione degli appoggi e della bicicletta:<\/p>\n<ul>\n<li>SoftVel\u00f2<\/li>\n<li>SizeVel\u00f2_Image<\/li>\n<li>Podoreset<\/li>\n<li>IschioVel\u00f2 2.0<\/li>\n<li>CleatVel\u00f2<\/li>\n<li>WarmVel\u00f2<\/li>\n<li>MeasureVel\u00f2<\/li>\n<li>DynaVel\u00f2_XY ( M \/ME \/ E )<\/li>\n<li>KinematicsVel\u00f2 1P (Opzionale)<\/li>\n<li>DeskMeasureVel\u00f2 (Opzionale)<\/li>\n<li>MEP (Opzionale)<\/li>\n<\/ul>\n<p><span style=\"color: #ff0000\"><strong>Fitting Center LabVel\u00f2<\/strong><\/span><br \/>\n<span style=\"color: #000000\">Il<strong> Fitting Center LabVel\u00f2 <\/strong><\/span>consente al tecnico e al cliente di raggiungere un livello di servizio altamente specializzato in grado di affrontare con successo anche le esigenze di comfort e di performance pi\u00f9 evolute e complicate. Il livello formativo, di competenze e strumentale consentono infatti di ampliare la carta servizi\u00a0 e di offrire un posizionamento biomeccanico approfondito dall&#8217;analisi sui 3 piani e con il superamento di problematiche posturali e di efficienza che coinvolgono la simmetria della postura e del gesto (bilanciamento posturale e di efficienza destra e sinistra), nonch\u00e8 l&#8217;esecuzione del test dinamico dinamometrico tramite resistenza MD.<\/p>\n<p>La Carta Servizi offerti dal <strong>Fitting Center LabVel\u00f2 <\/strong>\u00e8\u00a0la seguente:<\/p>\n<p><strong>Servizi Singoli per Specialit\u00e0 (road, mtb, triathlon, crono, pista)\u00a0<\/strong><\/p>\n<ul>\n<li>Cobi Gratuito<\/li>\n<li>Solette Solevel\u00f2 Personalizzate<\/li>\n<li>Regolazione Tacchette*<\/li>\n<li>Ricerca Sella Ideale<\/li>\n<li>Ricerca Manubrio Ideale<\/li>\n<li>Antropometria<\/li>\n<li>Check Videoanalisi ** Gratuito<\/li>\n<li>Videoanalisi<\/li>\n<li>Regolazione Bicicletta Su Banco DMV<\/li>\n<li>Bilanciam Posturale DX|SX + Analisi Pedalata<\/li>\n<li>Test Dinamico Dinamometrico Assetto<\/li>\n<li>Test Pedivella Ideale<\/li>\n<\/ul>\n<p><strong>\u00a0<\/strong><strong>Servizi Composti per Specialit\u00e0 (road, mtb, triathlon, crono, pista)\u00a0 <\/strong><\/p>\n<ul>\n<li><strong>Definizione Appoggi ideali<\/strong><\/li>\n<li><strong>Misurazione ciclista<\/strong>:\n<ul>\n<li>elaborazione assetto ideale<\/li>\n<li>definizione telaio ideale<\/li>\n<\/ul>\n<\/li>\n<li><strong>Misurazione Biomeccanica<\/strong>:\n<ul>\n<li>definizione e regolazione appoggi,<\/li>\n<li>elaborazione e regolazione assetto ideale<\/li>\n<li>definizione telaio ideale<\/li>\n<\/ul>\n<\/li>\n<li><strong>Pedalare Bene (Check up 1)<\/strong>\n<ul>\n<li>Misurazione Biomeccanica<\/li>\n<li>Controllo assetto su Dynavel\u00f2<\/li>\n<li>Video Analisi Sagittale (Opzionale)<\/li>\n<\/ul>\n<\/li>\n<li><strong>Pedalare Comfort (Check up 2)<\/strong>\n<ul>\n<li>Pedalare Bene<\/li>\n<li>Bilanciam Posturale DX|SX<\/li>\n<li>Analisi Pedalata (opzionale)<\/li>\n<\/ul>\n<\/li>\n<li><strong>Pedalare Performance (Check up 3)<\/strong>\n<ul>\n<li>Pedalare Comfort<\/li>\n<li>Test Dinamico Dinamometrico Assetto<\/li>\n<li>Analisi Pedalata (opzionale)<\/li>\n<\/ul>\n<\/li>\n<\/ul>\n<p>Il <span style=\"color: #000000\"><strong>Fitting Center Labvel\u00f2<\/strong><\/span> deve contenere una dotazione strumenti che la misurazione del ciclista, la regolazione degli appoggi,\u00a0 la valutazione e il riequilibrio\u00a0 dell&#8217;assetto tramite Dynavel\u00f2_XY\u00a0 e sistema di video analisi a 3 piani (opzionale analisi di pedalata tramite MEP) e la regolazione\u00a0 della bicicletta tramite banco DMV:<\/p>\n<ul>\n<li>SoftVel\u00f2<\/li>\n<li>SizeVel\u00f2_Image<\/li>\n<li>Podoreset<\/li>\n<li>IschioVel\u00f2 2.0<\/li>\n<li>CleatVel\u00f2<\/li>\n<li>WarmVel\u00f2<\/li>\n<li>MeasureVel\u00f2<\/li>\n<li>DynaVel\u00f2_XY ( ME \/ E )<\/li>\n<li>KinematicsVel\u00f2 3P<\/li>\n<li>DeskMeasureVel\u00f2<\/li>\n<li>MEP (Opzionale)<\/li>\n<\/ul>\n<div class=\"su-spoiler su-spoiler-style-default su-spoiler-icon-chevron su-spoiler-closed\" data-scroll-offset=\"0\" data-anchor-in-url=\"no\"><div class=\"su-spoiler-title\" tabindex=\"0\" role=\"button\"><span class=\"su-spoiler-icon\"><\/span>Requisiti Tecnico Operativi<\/div><div class=\"su-spoiler-content su-u-clearfix su-u-trim\"><\/div><\/div>\n<p>I requisiti tecnico operativi sono tutti quei parametri identificativi della qualit\u00e0 del servizio e del protocollo operativo condiviso.<\/p>\n<p><span style=\"color: #e20c18\"><strong>Requisiti Tecnici<\/strong><\/span><br \/>\nRispetto della <strong>Carta Servizi<\/strong> ovvero rispetto da parte del centro\/tecnico del protocollo dei Servizi Singoli e dei Servizi Composti condivisi dai centri e ripartiti in funzione del livello di <strong>Configurazione Strumenti<\/strong> e del <strong>Livello di Accreditamento del Tecnico Biomeccanico o Bike Fitter.<\/strong><\/p>\n<p><span style=\"color: #e20c18\"><strong>Requisiti Operativi<\/strong><\/span><br \/>\nUtilizzo delle Procedure operative e di assistenza post-vendita nonch\u00e9 dei prodotti accessori collegati, indicatori di <strong>Efficienza e Qualit\u00e0 del servizio.<\/strong><\/p>\n<p>Livello di <strong>Recensioni Cliente<\/strong><\/p>\n<p>Ogni Tecnico riceve una <strong>Recensioni Cliente<\/strong> sui seguenti parametri:<\/p>\n<ul>\n<li><strong>cortesia<\/strong><\/li>\n<li><strong>professionalit\u00e0<\/strong><\/li>\n<li><strong>risultati<\/strong> ottenuti a distanza di 1 mese<\/li>\n<\/ul>\n<\/div><\/div>\n<div class=\"su-spoiler su-spoiler-style-default su-spoiler-icon-chevron su-spoiler-closed\" data-scroll-offset=\"0\" data-anchor-in-url=\"no\"><div class=\"su-spoiler-title\" tabindex=\"0\" role=\"button\"><span class=\"su-spoiler-icon\"><\/span>Requisiti Comunicazione<\/div><div class=\"su-spoiler-content su-u-clearfix su-u-trim\">\n<p>Ogni centro\/tecnico viene accreditato in funzione alla <strong>capacit\u00e0<\/strong> e <strong>qualit\u00e0<\/strong> di comunicazione rispetto al servizio e alla valorizzazione della propria qualifica Velosystem:<\/p>\n<ul>\n<li>Visibilit\u00e0 del <strong>Logo di Accreditamento<\/strong><\/li>\n<li>Utilizzo di <strong>Materiale<\/strong> intestato Velosystem o con logo <strong>Velosystem<\/strong> per la consegna del resoconto<\/li>\n<li>Utilizzo <strong>brochures<\/strong> e\/o <strong>flyer pubblicitar<\/strong> servizi Velosystem per promo<\/li>\n<li>Utilizzo di <strong>Abbigliamento<\/strong> Velosystem o con logo Velosystem:<\/li>\n<li>Logo Velosystem su <strong>sito web<\/strong> (se esistente) e\/o sulle pagine <strong>Social<\/strong> (Facebook, Instagram, Twitter)<\/li>\n<li>Partecipazione a <strong>eventi locali\/nazionali<\/strong> con supporto Velosystem<\/li>\n<\/ul>\n<\/div><\/div>\n<div class=\"su-spoiler su-spoiler-style-default su-spoiler-icon-chevron su-spoiler-closed\" data-scroll-offset=\"0\" data-anchor-in-url=\"no\"><div class=\"su-spoiler-title\" tabindex=\"0\" role=\"button\"><span class=\"su-spoiler-icon\"><\/span>Requisiti Imprenditoriali<\/div><div class=\"su-spoiler-content su-u-clearfix su-u-trim\">\n<p>I requisiti imprenditoriali sono tutti quegli elementi e quelle azioni che caratterizzano il profilo dell\u2019azienda sia in riferimento <strong>all\u2019attivit\u00e0 di consulenza biomeccanica<\/strong> Velosystem\u00ae, sia alle attivit\u00e0 <strong>sinergiche messe in atto autonomamente<\/strong> o in <strong>collaborazione<\/strong> con Velosystem\u00ae.<\/p>\n<p>Fra i requisiti imprenditoriali presi in considerazione vi sono:<\/p>\n<ul>\n<li><strong>Rispetto del Listino<\/strong> Velosystem<\/li>\n<li><strong>Azioni Promozionali:<\/strong>\n<ul>\n<li>1 Mirate o Personalizzate a un gruppo preciso di utenti (es. gruppo cicl., donne, Triatleti, ecc.)<\/li>\n<li>2 Limitate nel tempo , non superiori ai 2 mesi (ideali 1 mese)<\/li>\n<li>3 non contenere gratuit\u00e0<\/li>\n<li>4 non essere ingannevoli<\/li>\n<\/ul>\n<\/li>\n<li><strong>Adesione alle Campagne Promozionali Velosystem<\/strong><\/li>\n<li><strong>Adesione alle Strategie Marketing Locali suggerite da Velosystem<\/strong><\/li>\n<\/ul>\n<\/div><\/div>\n","protected":false},"excerpt":{"rendered":"Introduzione I servizi biomeccanici per ciclismo Velosystem\u00ae sono collegati a una procedura di Accreditamento e Certificazione dei Centri e dei Tecnici . La Certificazione\u00a0 di ogni centro servizi di biomeccanica si realizza attraverso l\u2019elaborazione di un accreditamento basato su 5 tipologie di requisiti: Requisiti di Competenze e Formazione; Requisiti Strumentali e Strutturali; Requisiti Tecnico Operativi; Requisiti di Comunicazione; Requisiti Imprenditoriali. La Certificazione consente sia al Cliente che al tecnico di orientarsi sugli standard qualitativi desiderati con i seguenti vantaggi: VANTAGGI PER IL TECNICO premiare le competenze personali degli operatori e il loro aggiornamento tecnico; premiare la dotazione e l\u2019aggiornamento tecnologico strumentale e strutturale; premiare l\u2019operativit\u00e0, la professionalit\u00e0 e i risultati ottenuti nei confronti dei propri clienti; premiare le azioni di comunicazione capaci di valorizzare il Servizio Velosystem premiare l\u2019imprenditorialit\u00e0 del centro anche nel rispetto delle linee guida indicate dall\u2019azienda. VANTAGGI PER IL CICLISTA Individuare centri e operatori in funzione del livello di servizio richiesto; Consentire al cliente di orientarsi circa la tipologia e la qualit\u00e0 della consulenza biomeccanica; Usufruire di una consulenza diretta e veloce rispetto alla propria richiesta; Rendere pi\u00f9 chiara e diretta la comunicazione con il tecnico in ogni fase del servizio Usufruire di una qualit\u00e0 del servizio [...]","protected":false},"author":1,"featured_media":0,"parent":0,"menu_order":0,"comment_status":"closed","ping_status":"closed","template":"","meta":{"footnotes":""},"_links":{"self":[{"href":"https:\/\/velosystem.com\/tecnico\/wp-json\/wp\/v2\/pages\/19"}],"collection":[{"href":"https:\/\/velosystem.com\/tecnico\/wp-json\/wp\/v2\/pages"}],"about":[{"href":"https:\/\/velosystem.com\/tecnico\/wp-json\/wp\/v2\/types\/page"}],"author":[{"embeddable":true,"href":"https:\/\/velosystem.com\/tecnico\/wp-json\/wp\/v2\/users\/1"}],"replies":[{"embeddable":true,"href":"https:\/\/velosystem.com\/tecnico\/wp-json\/wp\/v2\/comments?post=19"}],"version-history":[{"count":46,"href":"https:\/\/velosystem.com\/tecnico\/wp-json\/wp\/v2\/pages\/19\/revisions"}],"predecessor-version":[{"id":1484,"href":"https:\/\/velosystem.com\/tecnico\/wp-json\/wp\/v2\/pages\/19\/revisions\/1484"}],"wp:attachment":[{"href":"https:\/\/velosystem.com\/tecnico\/wp-json\/wp\/v2\/media?parent=19"}],"curies":[{"name":"wp","href":"https:\/\/api.w.org\/{rel}","templated":true}]}}